n thousands digit of 1558438355?
3
What is the units digit of 774551539?
9
What is the tens digit of 134746339?
3
What is the hundreds digit of 77359304?
3
What is the ten thousands digit of 387058124?
5
What is the ten millions digit of 125094361?
2
What is the hundred millions digit of 1124104902?
1
What is the hundred millions digit of 168528354?
1
What is the millions digit of 860587794?
0
What is the units digit of 7006014496?
6
What is the ten thousands digit of 47054228?
5
What is the units digit of 51214632?
2
What is the millions digit of 9718491?
9
What is the ten thousands digit of 55949600?
4
What is the thousands digit of 514824524?
4
What is the millions digit of 413713677?
3
What is the ten thousands digit of 651137738?
3
What is the ten thousands digit of 406772818?
7
What is the tens digit of 16420102?
0
What is the ten thousands digit of 2013435410?
3
What is the hundreds digit of 3027008911?
9
What is the hundred thousands digit of 220226267?
2
What is the hundreds digit of 28947556?
5
What is the ten millions digit of 494334727?
9
What is the hundreds digit of 45017761?
7
What is the ten millions digit of 215388943?
1
What is the hundred millions digit of 1426272463?
4
What is the thousands digit of 213815144?
5
What is the ten millions digit of 105159283?
0
What is the ten thousands digit of 31269186?
6
What is the units digit of 34259835?
5
What is the hundred thousands digit of 14105674?
1
What is the ten thousands digit of 99407879?
0
What is the thousands digit of 732021510?
1
What is the ten thousands digit of 282111964?
1
What is the units digit of 192074271?
1
What is the thousands digit of 4204016703?
6
What is the thousands digit of 1877250459?
0
What is the ten thousands digit of 650899804?
9
What is the ten millions digit of 177918397?
7
What is the ten millions digit of 268292387?
6
What is the millions digit of 3632424771?
2
What is the hundreds digit of 4592433890?
8
What is the units digit of 24058300?
0
What is the hundreds digit of 2971569047?
0
What is the millions digit of 7033979926?
3
What is the units digit of 29933032?
2
What is the ten thousands digit of 1683887969?
8
What is the hundreds digit of 149020885?
8
What is the hundreds digit of 174139056?
0
What is the hundred millions digit of 129870243?
1
What is the hundreds digit of 53068117?
1
What is the thousands digit of 1153715496?
5
What is the millions digit of 297191657?
7
What is the hundred millions digit of 170806057?
1
What is the thousands digit of 979744424?
4
What is the hundreds digit of 659736595?
5
What is the thousands digit of 823181695?
1
What is the hundred thousands digit of 2104602853?
6
What is the ten millions digit of 710333824?
1
What is the ten thousands digit of 683890617?
9
What is the ten thousands digit of 6066869418?
6
What is the ten millions digit of 4026848321?
2
What is the ten thousands digit of 7507657034?
5
What is the thousands digit of 201626124?
6
What is the hundred thousands digit of 1035546905?
5
What is the hundred millions digit of 284481905?
2
What is the hundred thousands digit of 4221412241?
4
What is the millions digit of 15720542?
5
What is the units digit of 83256094?
4
What is the thousands digit of 199552729?
2
What is the hundred thousands digit of 2028154?
0
What is the ten thousands digit of 5899859747?
5
What is the thousands digit of 158944146?
4
What is the units digit of 95000534?
4
What is the ten millions digit of 6651836343?
5
What is the hundreds digit of 2071696246?
2
What is the units digit of 548821644?
4
What is the thousands digit of 204723000?
3
What is the hundred thousands digit of 44062249?
0
What is the thousands digit of 178061623?
1
What is the units digit of 40494352?
2
What is the hundred millions digit of 1751282495?
7
What is the hundred thousands digit of 548418309?
4
What is the ten millions digit of 3376480632?
7
What is the units digit of 173223442?
2
What is the hundred thousands digit of 1548386969?
3
What is the millions digit of 200497226?
0
What is the thousands digit of 3183935319?
5
What is the ten thousands digit of 39875459?
7
What is the units digit of 12913736?
6
What is the units digit of 303124790?
0
What is the hundred millions digit of 2649103265?
6
What is the tens digit of 210450279?
7
What is the tens digit of 283156812?
1
What is the ten thousands digit of 17511822?
1
What is the units digit of 111153953?
3
What is the ten millions digit of 236572669?
3
What is the millions digit of 22144184?
2
What is the millions digit of 110694046?
0
What is the ten thousands digit of 45161645?
6
What is the units digit of 316446385?
5
What is the hundreds digit of 337418481?
4
What is the units digit of 25364300?
0
What is the units digit of 950007946?
6
What is the hundreds digit of 871407854?
8
What is the millions digit of 136979709?
6
What is the hundred millions digit of 1325004931?
3
What is the hundred millions digit of 4161899440?
1
What is the thousands digit of 41886734?
6
What is the billions digit of 3386655705?
3
What is the thousands digit of 357387214?
7
What is the hundred thousands digit of 235615296?
6
What is the millions digit of 7850464?
7
What is the millions digit of 4366109287?
6
What is the tens digit of 23282297?
9
What is the hundred millions digit of 556631772?
5
What is the hundred millions digit of 908914087?
9
What is the hundreds digit of 2566856987?
9
What is the millions digit of 1112619454?
2
What is the millions digit of 671869416?
1
What is the thousands digit of 93802748?
2
What is the hundred thousands digit of 5047331705?
3
What is the ten thousands digit of 212179273?
7
What is the tens digit of 28114946?
4
What is the ten thousands digit of 91637540?
3
What is the hundreds digit of 1841948659?
6
What is the billions digit of 6535470044?
6
What is the tens digit of 1652478241?
4
What is the units digit of 3202787297?
7
What is the ten millions digit of 102489156?
0
What is the units digit of 224810675?
5
What is the units digit of 4414544?
4
What is the ten millions digit of 51823040?
5
What is the ten thousands digit of 760279525?
7
What is the ten thousands digit of 226923364?
2
What is the millions digit of 4814606?
4
What is the tens digit of 304277129?
2
What is the units digit of 44520554?
4
What is the thousands digit of 97143072?
3
What is the units digit of 46213902?
2
What is the ten millions digit of 313401865?
1
What is the hundred millions digit of 204350548?
2
What is the ten thousands digit of 65043404?
4
What is the millions digit of 338327720?
8
What is the units digit of 106438024?
4
What is the thousands digit of 8140639?
0
What is the hundred thousands digit of 16548753?
5
What is the units digit of 14154324?
4
What is the ten thousands digit of 1357889730?
8
What is the ten millions digit of 131654681?
3
What is the tens digit of 70021511?
1
What is the millions digit of 4438497914?
8
What is the billions digit of 5012890151?
5
What is the ten millions digit of 1309976782?
0
What is the ten millions digit of 2245195509?
4
What is the units digit of 87784938?
8
What is the ten millions digit of 5750529436?
5
What is the thousands digit of 1131871244?
1
What is the ten millions digit of 63259366?
6
What is the hundred thousands digit of 6538829?
5
What is the millions digit of 41238297?
1
What is the hundred thousands digit of 273179310?
1
What is the hundred thousands digit of 26539366?
5
What is the ten millions digit of 473836455?
7
What is the millions digit of 91573877?
1
What is the ten millions digit of 13294568?
1
What is the thousands digit of 111007343?
7
What is the units digit of 2045974256?
6
What is the hundred millions digit of 2179558610?
1
What is the millions digit of 38778603?
8
What is the millions digit of 466488038?
6
What is the thousands digit of 3217407695?
7
What is the billions digit of 1050447667?
1
What is the thousands digit of 37649503?
9
What is the hundred thousands digit of 921361687?
3
What is the thousands digit of 19285399?
5
What is the hundreds digit of 38317508?
5
What is the units digit of 39611658?
8
What is the millions digit of 4854164?
4
What is the hundreds digit of 152710695?
6
What is the hundred thousands digit of 1307357109?
3
What is the thousa